20. Is t prime?
False
Let k = 9 + -7. Suppose 4 = -4*g - l, k*g = -g + 2*l + 8. Suppose 3*a - 736 - 149 = g. Is a a composite number?
True
Suppose -7*x - 647181 = -16*x. Is x composite?
False
Let h(l) = -l**3 + l**2 - 2*l + 2281. Let j be h(0). Suppose -m = 3*r - j + 245, 4*r = -4*m + 8136. Suppose m = x + 362. Is x prime?
False
Let k(z) = -3540*z + 287. Is k(-10) a prime number?
False
Suppose -2*s - 3*x + 42622 = 0, 10*s = 6*s - 4*x + 85244. Is s a prime number?
False
Suppose 4*w - 635560 = 3*y, 5*w - 911743 + 117296 = 3*y. Is w a composite number?
True
Let n(g) = -g**3 + 37*g**2 - 3*g - 58. Let v(f) = 3*f**2 + 6*f + 3. Let c be v(2). Is n(c) a prime number?
True
Let h(i) = 9677 + 0*i**3 - 255*i**2 + 3*i + 254*i**2 + i**3 + 0*i. Is h(0) prime?
True
Let s = 40463 - 22770. Is s composite?
True
Let l be 174/60 - 8/(-80). Is -3*((-199290)/18 + l) composite?
True
Is 3/((-27)/(-190563)) - (-46)/(-69) a prime number?
False
Let b be 1/(28/16)*(-7)/(-2). Let g be -5 + 317 + b - 5. Suppose 5*w = 961 + g. Is w a prime number?
False
Let w be (-1266320)/48 + 1/(-3). Let l = w - -37751. Is l a composite number?
False
Let u(r) = 22282*r - 1765. Is u(5) a composite number?
True
Suppose -3 = -5*o - 3*r, 3*o + 4*r - 7*r + 3 = 0. Suppose -4*l + 3*v + 1760 = 0, 4*l - v + 591 - 2359 = o. Is l composite?
False
Suppose -k = -6*k - 0*k. Suppose k*z = 13*z - 6253. Is z a composite number?
True
Let s = -3464 + 11041. Suppose -s = -3*q - 464. Is q composite?
False
Suppose -3*h + 2*m = -1579453, 4*h + 2*m = 825339 + 1280589. Is h composite?
False
Let w(v) be the first derivative of v**5/20 - v**4/12 + 2*v**3/3 + 19*v**2/2 - 28*v + 11. Let b(d) be the first derivative of w(d). Is b(6) prime?
True
Let j(q) = 3*q**3 - q**2 - 22*q - 23. Suppose -3*o - 7 + 45 = -h, 15 = -3*h. Is j(o) prime?
True
Suppose -c + 125007 + 578949 = 5*z, 3*z = -4*c + 422377. Is z a composite number?
True
Let t(k) be the second derivative of k**5/10 + 5*k**4/12 - k**3/6 + 5*k**2/2 - 17*k. Let d be t(-4). Is d/(-12) + -3 - 2710/(-8) a prime number?
False
Suppose -u - 5*w + 6 = 0, 62*u - 4*w = 66*u + 8. Let s(n) be the third derivative of -n**6/12 - n**5/12 - n**3/2 - n**2. Is s(u) composite?
False
Let z be (-7 + (-6 - 6146))*10/6. Let u = 27868 + z. Is u a prime number?
False
Is 62/589 - (238630/(-2))/(418/594) composite?
False
Let s(r) = -9*r - 76. Let x be s(-13). Suppose -x*p + 31*p = -160850. Is p a prime number?
False
Suppose 0 = -0*g + 14*g + 5978. Let m = 954 - g. Is m/4*8/2 composite?
False
Let o be ((-4)/(-3))/((-4)/(-15)). Suppose -18359 = k - 3*u, o*u + 55119 = k - 4*k. Is 1/(1*-3 + k/(-6122)) a prime number?
True
Let l = 21660 + -11763. Suppose 9*t + l = 10*t. Is t a composite number?
True
Is (-30)/(-90) - (-52688)/12 a prime number?
True
Let b(s) = 41238*s + 689. Is b(11) prime?
False
Let r(b) = 11*b + 8. Let u be r(-4). Let o be -2*(u/8)/(-9). Is (-6 + 7 + -2)*(-470 - o) composite?
True
Is 161542/2 - (4 - (11 - 7/7)) a prime number?
True
Suppose 0 = -3*n - 134613 + 505254. Is n composite?
False
Let g(l) = 92*l**2 + 6*l + 5. Let m be 1 - 2 - (-429)/13. Let n be 25/4 - 8/m. Is g(n) a prime number?
False
Is ((-44)/(-66))/((-1)/(-3)) - -72159 prime?
True
Let a(q) = -7*q**3 - 5*q**2 - 8*q + 7. Let g(b) = -b**3 - 8*b**2 + 7*b + 11. Let w be g(-10). Suppose -149 = 2*m - w. Is a(m) a prime number?
False
Suppose -4*r + 5*l = 3007 - 82914, 4*r = -l + 79889. Let q = -7218 + r. Is q composite?
True
Let t(p) be the third derivative of 239*p**4/24 + 245*p**3/6 - 3*p**2 - 32. Is t(24) a composite number?
False
Suppose 16*o - 3922 = 1150. Is o composite?
False
Let f be 2/(1/(1158/4)). Suppose -3*l - 796 = 2*t, 0 = -7*l + 12*l + 20. Let q = t + f. Is q composite?
True
Is (-33956)/(-39)*12 - 1 composite?
True
Suppose 214*y - 42110 = 769164. Is y a composite number?
True
Let j be 13*(0 + -2 + -2 + 7). Let k(q) = j - 11*q - q**3 - 12*q**2 + 11*q + 20*q + 3*q**2. Is k(-16) prime?
True
Let y(q) = q**2 - 8*q + 19. Let i be y(-9). Suppose -i = r + 122. Let o = 269 - r. Is o a prime number?
True
Suppose -2*o + 1489681 = -7*s, 18*o - 2*s = 17*o + 744845. Is o composite?
True
Let p = 377 - 368. Let a = 9594 - -4286. Suppose p*d = d + a. Is d composite?
True
Suppose -92 = l - 0*l. Suppose -5*x + 4*q = 496 + 319, 0 = -4*x + q - 641. Let i = l - x. Is i a composite number?
False
Let w(y) = 2422*y**2 - 57*y - 24. Is w(-5) a composite number?
False
Let b = 246815 + -120148. Is b a composite number?
True
Let k(o) = -12067*o + 4655. Is k(-6) prime?
False
Let c(m) = 14*m - 9. Let a be c(17). Let y = a + -499. Let n = 3623 + y. Is n a composite number?
True
Let h be (-10)/(-25)*5/(-1). Is (h/6)/((-9)/24597) prime?
True
Let r = -463789 - -760454. Is r a prime number?
False
Suppose -291022 = -5*s - 4*o, o = 111*s - 110*s - 58199. Is s a composite number?
True
Let d(p) = 25043*p**2 - 198*p - 777. Is d(-4) a composite number?
False
Let p(m) = m**3 + 4*m**2 + 2*m + 2485. Let s be p(0). Let h = s + -363. Is h a composite number?
True
Suppose -1145*c + 1101*c = -2837252. Is c a prime number?
True
Let t(d) = -9*d + 18. Let p be t(6). Let s = -55 - -168. Let f = s - p. Is f a prime number?
True
Let m(r) = 20775*r + 43*r**3 - 20791*r - 17 - 19*r**2 - 44*r**3. Let z be 2*((-38)/4 - 0). Is m(z) prime?
False
Let j(s) = -541*s**3 - 3*s**2 + 4*s + 6. Let m(q) = -180*q**3 - q**2 + q + 2. Let i(t) = 2*j(t) - 7*m(t). Let d = -86 - -87. Is i(d) a composite number?
True
Suppose 8 = 3*i - 2*k - 5, -4*i = -2*k - 16. Is 3*(i + (-13884)/(-9)) prime?
True
Let w = 17649 + 36520. Is w composite?
True
Let r = 160644 - 37601. Is r composite?
True
Suppose 3*n + 2*n + 4*l = 11, -4*l + 18 = -2*n. Let r(z) = -7366*z - 27. Is r(n) prime?
False
Let x be 1461/2*6/(-9). Let j = 2159 - x. Suppose 765 + j = 3*p. Is p a prime number?
False
Suppose 3*s - 9 = 0, 3*z + 2*s = -3*s + 39. Suppose 4*c = -3*d + z*d - 14321, 3*d - 8591 = 2*c. Is d prime?
True
Let l = 109 + -6. Let x = 606 + l. Is x prime?
True
Suppose -3*t - 20*h + 19*h = -5259, -5*h + 3493 = 2*t. Is t a prime number?
False
Let v(h) = -770*h**2 - 5*h - 11. Let k be v(-5). Is (-11)/(-13 + 2) - k/1 prime?
True
Let k be (9/18)/((-4)/17288). Let j = 4110 + k. Is j a composite number?
False
Suppose 6*z - 11*z + 143945 = 0. Is z composite?
False
Let m = -217 + 115. Let l = 100 + m. Is ((-3671)/l)/((-21)/(-6) + -3) a prime number?
True
Let w(n) = 2*n**3 - 100*n**2 - 332*n - 221. Is w(63) prime?
False
Let f = 27565 + 67032. Is f composite?
False
Let l = -34 - -36. Let a be (40/32)/(l/8). Suppose -2*m - 1658 = -4*i, a*i - m - 1244 = 2*i. Is i a prime number?
False
Let v(r) = -3*r**3 + 8*r**2 + 4*r - 14. Let k(w) = -3*w**3 + 8*w**2 + 3*w - 15. Let i(q) = 4*k(q) - 5*v(q). Is i(5) a composite number?
True
Let b(p) = 54*p + 1655. Is b(14) composite?
False
Let q = 131314 + -56177. Is q prime?
False
Suppose 4*y + 2*m - 206 = 4*m, -4*m + 251 = 5*y. Is 157/(-8 + 411/y) a prime number?
False
Suppose -5*n + 15 = -0*n. Suppose -2*i + n*l + 14 = -l, 4*i - 52 = 2*l. Suppose i*d - 1001 = 8*d. Is d a prime number?
False
Suppose -793184 = 4*g - 7*g - 255233. Is g a prime number?
True
Let p(h) = 7*h**2 + 3 + 0*h**2 + 8*h + 3*h**2 - h**3. Let k be p(8). Suppose 3*r + 4*s = 804 - k, -5*r + 4*s + 983 = 0. Is r a composite number?
False
Suppose -7*r = 4*r - 121. Suppose r*o = 6*o + 15. Suppose -i - 3*p + 437 = 0, -3*p = o*i - 6*i + 1287. Is i prime?
True
Let b = 229224 - 130547. Is b prime?
False
Suppose n = -5*n + 36. Suppose -2*o - k = -3559, 3*k - n*k = -15. Is o a prime number?
True
Let r(w) = -w**3 + 3*w**2 + 7*w - 10. Let y be r(4). Suppose 0 = 5*d + y*k - 15041, -37*d = -34*d + 3*k - 9030. Is d a composite number?
True
Suppose -41*r = 65*r - 56829547 + 1602593. Is r a composite number?
False
Suppose -i - 3*i + 36 = 4*m, 5*m - i = 15. Let o(w) = -w**3 + 26*w**2 - 13*w + 347. Let f be o(26). Suppose -m*k = -f*k + 635. Is k a prime number?
True
Suppose 5*y = 2*q - 1092566, 0 = -17*q + 16*q + 5*y + 546283. Is q a prime number?
True
Let j(h) = 29 - 27*h + 10*h - 28*h. Let o = 4384 + -4388. Is j(o) prime?
False
Let h = 1223580 + -404026. Is h prime?
False
Let j(w) = -w - 21. Let t be j(-11). Let s = -6 - t. Suppose -3*d - 4*u + 2*u = -1477, 0 = s*d - u - 1962. Is d a composite number?
False
Suppose 2*r = -0*i + 2*i - 14, -r = 